 is the tens digit of x?
8
Let i(a) = -a**2 + 13*a + 28. Let m(l) = -4*l - 9. Suppose -5*q + 2 + 3 = 0, -55 = 4*n + q. Let u(k) = n*m(k) - 4*i(k). What is the hundreds digit of u(-6)?
1
Let i(l) = 4418*l**2 + 4*l + 1. What is the hundreds digit of i(-1)?
4
Suppose -3*c + 2943 = -j, -44*c + 40*c - j + 3938 = 0. What is the units digit of c?
3
Suppose 3 = l, 4*l - 7*l - 19679 = -y. What is the tens digit of y?
8
Let p(r) = r**2 - r + 15. Let n(k) = -k**3 + 5*k**2 + 2*k + 15. Let v be (5 - (-6 + 2)) + 3/(-1). Let s be n(v). What is the hundreds digit of p(s)?
1
Suppose -67*k + 123161 = -25043. What is the thousands digit of k?
2
Let n(d) = 786*d + 2076. What is the thousands digit of n(19)?
7
Let p be (-1 - (-7 - -166))*-18. Suppose 0 = -v + 5*m + 602, 5*v + 3*m - 2*m = p. What is the hundreds digit of v?
5
Suppose 1207*n - 6231 = 1204*n + 3*q, 0 = -3*n - 4*q + 6217. What is the thousands digit of n?
2
Suppose 2 = -2*z - 3*o, z + 0*o = 4*o + 10. Let p be z/8*4 - -2. Suppose -3*u = -r + p, -5 - 7 = -2*r + 4*u. What is the units digit of r?
2
Let b = -4320 - -6032. What is the tens digit of b?
1
Let c = 13 + -150. Let k = -32 - c. What is the units digit of k?
5
Let z be (-3 + (-18)/(-4))/((-18)/(-24)). Suppose -353 = -z*p + p. What is the hundreds digit of p?
3
Let r(f) = -525*f + 19. What is the hundreds digit of r(-55)?
8
Let i = -3426 - -7974. Suppose 8*b = i - 564. What is the hundreds digit of b?
4
Let z = 593 + -1073. Let r = 983 + z. What is the hundreds digit of r?
5
Suppose -5*y = -v + 4976, -4*v - y + 19868 = -3*y. What is the tens digit of v?
6
Let i(q) = -26*q**2 + 16*q + 15. Let s be i(-1). Suppose -9 = h + 63. Let c = s - h. What is the tens digit of c?
4
What is the hundreds digit of (-4)/10 + 1499532/30 + -13?
9
Let i(q) = -44*q - 38. Let t be i(-7). Let f be (-7)/(147/(-6)) + 2724/(-28). Let p = f + t. What is the units digit of p?
3
Let f(u) = u**2 + 107*u + 3230. What is the tens digit of f(-26)?
2
Suppose -20390 = 2*t + 5*y, -7*t - 5*y = -6*t + 10185. Let p be (-2)/8 - t/20. Suppose 3*h = 3*c + p, 2*h + 2*c = 3*h - 175. What is the hundreds digit of h?
1
Let h = -223 + 4249. What is the tens digit of h?
2
Let u(z) = z**3 - 38*z**2 - 26*z + 65. Let q be u(39). Let o = q + -238. What is the units digit of o?
4
Suppose 57*k = -d + 62*k + 10628, k = 4*d - 42493. What is the ten thousands digit of d?
1
Let t be 0/3 - 4/(-2). Let l be 1/(14/1908) - t/7. Let q = 12 + l. What is the hundreds digit of q?
1
Let u = 10665 - 6968. What is the thousands digit of u?
3
What is the units digit of 2597129/57 - (-10)/30?
4
Let q(a) = 111*a**2 + 55*a + 27. What is the hundreds digit of q(7)?
8
Let c(a) = 3*a**2 - 8*a + 21. Let s be c(10). Let m = 7 + s. What is the tens digit of m?
4
What is the tens digit of (3 - 4) + 75240 - 4/(-1)?
4
Let o = -56 - -60. Suppose -2642 = -o*q + 1718. What is the thousands digit of q?
1
Suppose 9*o - 19*o - 37*o = -276548. What is the units digit of o?
4
Let s(a) = 2268*a**2 - 91*a - 357. What is the hundreds digit of s(-4)?
2
Let x be 18*-3 + (2 - -1). Let a = x + 53. What is the units digit of a*7*(34/4 - -1)?
3
Let x(g) = 13*g**2 + 4*g + 89. What is the tens digit of x(-19)?
0
Let g = 142 + -240. Let l = 156 + g. What is the units digit of (-87)/l - 126/(-4)?
0
Let c be -53 + 0 + (4 - 3). Suppose w + 4*v = -16 - 222, 4*w - 2*v = -880. Let f = c - w. What is the units digit of f?
0
Suppose 0 = 3*s + d - 69545 + 15684, 2*d = -8. What is the ten thousands digit of s?
1
Suppose -5*c + c = 3*v - 16, -2*c - 10 = -3*v. Suppose 5*t + v*f = -f + 970, -4 = -4*f. What is the hundreds digit of t?
1
Let c = -9243 - -16813. What is the thousands digit of c?
7
Suppose 43*n - 351523 - 861771 = -40*n. What is the ten thousands digit of n?
1
Let n be 77553/(44/(-8) + 4). What is the units digit of n/(-105) - -1*2/(-5)?
2
Let n(d) be the third derivative of d**6/120 - 11*d**5/60 - 5*d**4/12 - 8*d**3/3 + 3*d**2. Let t be n(12). What is the tens digit of (-570)/(-9) - t/6?
6
Let l = -2520 - -3081. What is the hundreds digit of l?
5
Let n = -20 + 23. Suppose 0 = -2*a + n*a - 16. Suppose -a*w - 30 = -17*w. What is the tens digit of w?
3
Suppose -7*r = -5*r + 52. Let i = -21 - r. What is the tens digit of (98 + 3)*(-4 + i)?
0
Let f(i) = i**3 + 2*i**2 + 2*i - 64. Let r be f(0). Let x = r + 91. Suppose 3*h + 2*p + 2*p = x, -2*h - 5*p + 18 = 0. What is the units digit of h?
9
Suppose 4*c - 428 = -c + r, 9 = -3*r. What is the units digit of c + (-2 + 0)/((-1)/(-2))?
1
What is the units digit of 2/(110576/(-27645) + 4)*(-12)/(-15)?
8
Let l(q) = -q**2 - 5*q + 437. Let w be l(-22). Let k be (-1)/(6/86)*3. Let u = k + w. What is the units digit of u?
0
Let n = 716 - 648. Suppose -63*t - 4825 = -n*t. What is the tens digit of t?
6
Suppose 0 = -2*f - 3*g + 40029, 0 = -3*g - 105 + 102. What is the tens digit of f?
1
Let k(r) = -9*r - 29. Let b be k(-7). Suppose 4*a = -26 + b. Suppose -168 = a*h - 9*h. What is the units digit of h?
4
Let q = -3930 - -6559. What is the hundreds digit of q?
6
Let y(l) = -48*l - 334. Let c = 902 - 921. What is the units digit of y(c)?
8
Suppose -54*g + 71*g = 238. Let o be 54 - (-5)/(5/3). Suppose -x = g - o. What is the units digit of x?
3
Suppose l + 630 = 5*q + 149, -5*l = -q + 77. Suppose 103*h - 2376 = q*h. What is the hundreds digit of h?
3
Suppose 479 = -12*r - 21*r + 102119. What is the tens digit of r?
8
Let i = 169 + 1015. What is the units digit of i?
4
Suppose -9*y + 8*y - 12 = 5*i, -5*y + 28 = 3*i. Suppose -4*j = -3*g + 3245, y = 2*j - 0. What is the thousands digit of g?
1
Let x be -3 + -19*(-1 + -6). Suppose 3*i + x = 649. Suppose 5*p - 607 = i. What is the units digit of p?
6
Let m(y) = y**3 - 11*y**2 + 8*y + 5. Let c be m(9). Let a = c + 81. What is the hundreds digit of 1/a + 0 + (-1202)/(-8)?
1
Let h(t) = t**2 + 18*t - 13. Let u be h(7). What is the thousands digit of 21/(-49)*175/(-10)*u?
1
Suppose 289 = -3*w - g + 2*g, -216 = 2*w + 4*g. Let l = 653 + w. What is the tens digit of l?
5
Let w = 5498 + -141. What is the units digit of w?
7
Suppose 220*n - 1276834 = 181379 + 1201367. What is the units digit of n?
9
Let n = 37 - 46. Let f(r) = r**3 + 7*r**2 - 12*r - 1. Let a be f(n). What is the tens digit of (a/(-44))/(1/12)?
1
Let k(j) = 5*j**2 + 92*j + 1241. What is the thousands digit of k(-24)?
1
Let r(u) be the first derivative of 73*u**3/3 + 9*u**2 - 55*u - 42. What is the hundreds digit of r(3)?
6
Let w(g) = g**3 + 11*g**2 + g + 16. Suppose 6*h = h - 180. Let b = 25 + h. What is the units digit of w(b)?
5
Let k(c) = -11*c - 2. Let y be k(-1). Let x be (-4)/(-2)*(3 + y)/3. What is the units digit of (-7)/(-14)*2*1*x?
8
Let b be 8*7/((-14)/(-3)). Suppose 0 = 4*i - 8*i + b. What is the tens digit of (-16)/i*510/(-40)?
6
Let i = -1748 + 2570. Suppose -3*o - 2*v + i = 0, 16*o - 21*o - 3*v + 1369 = 0. What is the units digit of o?
2
Suppose 311850 = -211*k + 246*k. What is the hundreds digit of k?
9
Suppose -11*c + 3499 = -3090. Let a = c + -358. What is the units digit of a?
1
Let p(i) be the second derivative of -23*i**3/6 - 57*i**2/2 - 94*i. What is the tens digit of p(-15)?
8
Let t(k) = -31*k**2 + 3*k + 5. Let f be t(7). Let o = -901 - f. What is the hundreds digit of o?
5
Let o be ((-30)/26 - -1) + (-1327093)/247. What is the tens digit of o/(-15) + (-1)/5?
5
Let n(m) = -1693*m + 1515. What is the ten thousands digit of n(-11)?
2
Let s(b) = -b**3 + 27*b**2 + 26*b + 59. Let y be s(28). Suppose 1749 = 3*c + 3*n, -y*c + n - 3*n = -1752. What is the hundreds digit of c?
5
Let s(i) = -i - 1. Let a(j) = -2*j + 5. Let z(y) = a(y) - 4*s(y). Let k(n) = -n. Let g(d) = 2*k(d) - z(d). What is the units digit of g(-3)?
3
Let n be -1 - ((-5 - 1) + 2). Let c = 5 + 0. Suppose n = c*d - 17. What is the units digit of d?
4
Let i(t) = -74*t - 26. What is the tens digit of i(-1)?
4
Let v = -421 - -3635. What is the thousands digit of v?
3
Suppose -564*x + 584*x - 1000 = 0. What is the units digit of x?
0
Suppose -3*h - 4*h + 301 = 0. Let d = h + 82. Let u = -87 + d. What is the units digit of u?
8
Let s = -11 - -46. Suppose -1106 = -7*t + s. Suppose m = -h - h + t, -2*h + 4*m = -188. What is the units digit of h?
4
Let t be 3/9 + (-28)/(-6). Suppose 4*b - 1705 = t*w, b = 5*w + 310 + 120. Let u = b - 222. What